4
Calculate the remainder when 309664308 is divided by 18.
12
What is the remainder when 26406934 is divided by 37?
34
Calculate the remainder when 487586 is divided by 80.
66
Calculate the remainder when 35334 is divided by 2926.
222
What is the remainder when 143273 is divided by 8427?
14
Calculate the remainder when 937330 is divided by 7811.
10
What is the remainder when 521738 is divided by 520?
178
What is the remainder when 266473 is divided by 54?
37
What is the remainder when 10010856 is divided by 20?
16
Calculate the remainder when 280101 is divided by 13992.
261
Calculate the remainder when 1125122 is divided by 3801.
26
Calculate the remainder when 34568 is divided by 1508.
1392
Calculate the remainder when 133416 is divided by 133187.
229
What is the remainder when 19802122 is divided by 3083?
13
What is the remainder when 582588 is divided by 2241?
2169
What is the remainder when 2956310 is divided by 7354?
2
Calculate the remainder when 66686 is divided by 7410.
7406
What is the remainder when 2901494 is divided by 967145?
59
Calculate the remainder when 12477 is divided by 790.
627
What is the remainder when 32869 is divided by 1208?
253
Calculate the remainder when 112364 is divided by 203.
105
What is the remainder when 147832 is divided by 1281?
517
What is the remainder when 14315297 is divided by 1961?
1958
What is the remainder when 70723 is divided by 2401?
1094
What is the remainder when 979966 is divided by 464?
462
Calculate the remainder when 14884057 is divided by 425258.
27
Calculate the remainder when 14632422 is divided by 83.
20
What is the remainder when 37529 is divided by 3949?
1988
Calculate the remainder when 10847029 is divided by 2891.
2888
What is the remainder when 3488033 is divided by 72?
65
What is the remainder when 923398 is divided by 3498?
3424
Calculate the remainder when 62330 is divided by 485.
250
Calculate the remainder when 2694483 is divided by 6.
3
What is the remainder when 667191 is divided by 9266?
39
What is the remainder when 341669 is divided by 24404?
13
Calculate the remainder when 369325 is divided by 271.
223
What is the remainder when 6804 is divided by 3362?
80
Calculate the remainder when 346679741 is divided by 29.
24
Calculate the remainder when 235726 is divided by 7257.
3502
Calculate the remainder when 7525163 is divided by 2102.
3
What is the remainder when 1215761 is divided by 982?
45
What is the remainder when 2704899 is divided by 1352087?
725
What is the remainder when 13618 is divided by 1466?
424
Calculate the remainder when 44210598 is divided by 14.
12
Calculate the remainder when 779335 is divided by 155865.
10
What is the remainder when 420792477 is divided by 80?
77
Calculate the remainder when 1084863 is divided by 343.
297
What is the remainder when 55 is divided by 19?
17
Calculate the remainder when 820888 is divided by 1959.
67
What is the remainder when 29872 is divided by 13615?
2642
Calculate the remainder when 27441 is divided by 4260.
1881
Calculate the remainder when 697518 is divided by 86599.
4726
What is the remainder when 7649149 is divided by 1529825?
24
What is the remainder when 787923 is divided by 312?
123
What is the remainder when 135870 is divided by 44862?
1284
What is the remainder when 74317 is divided by 1211?
446
What is the remainder when 23967509 is divided by 8?
5
Calculate the remainder when 423284 is divided by 477.
185
Calculate the remainder when 4236049 is divided by 245.
244
Calculate the remainder when 385261 is divided by 6756.
169
What is the remainder when 9055895 is divided by 153?
131
Calculate the remainder when 200473653 is divided by 14.
9
What is the remainder when 33228 is divided by 8212?
380
What is the remainder when 651847 is divided by 1646?
31
Calculate the remainder when 68428906 is divided by 157.
142
Calculate the remainder when 774881 is divided by 2488.
1113
What is the remainder when 240765 is divided by 30039?
453
Calculate the remainder when 25617855 is divided by 42.
39
What is the remainder when 19046 is divided by 18499?
547
What is the remainder when 1108764 is divided by 79195?
34
Calculate the remainder when 535648 is divided by 3456.
3424
Calculate the remainder when 977189 is divided by 487957.
1275
What is the remainder when 410680 is divided by 358?
54
Calculate the remainder when 15096089 is divided by 64513.
47
What is the remainder when 944631 is divided by 1763?
1426
What is the remainder when 1183884 is divided by 270?
204
Calculate the remainder when 2838103 is divided by 129004.
15
What is the remainder when 57691922 is divided by 205?
2
Calculate the remainder when 1926237 is divided by 839.
732
Calculate the remainder when 470716 is divided by 1085.
911
What is the remainder when 256010 is divided by 3416?
3226
Calculate the remainder when 36671179 is divided by 209.
39
What is the remainder when 322810 is divided by 4421?
77
What is the remainder when 2003708 is divided by 761?
756
Calculate the remainder when 37697096 is divided by 348.
344
Calculate the remainder when 12377382 is divided by 31335.
57
What is the remainder when 257039 is divided by 2186?
1277
What is the remainder when 497136 is divided by 35501?
122
Calculate the remainder when 457457 is divided by 2455.
827
Calculate the remainder when 6466815 is divided by 182.
173
Calculate the remainder when 8389638 is divided by 2901.
2847
What is the remainder when 5522156 is divided by 1299?
107
Calculate the remainder when 1287206 is divided by 47674.
8
What is the remainder when 15238004 is divided by 3?
2
Calculate the remainder when 20113010 is divided by 47888.
50
What is the remainder when 756962 is divided by 30?
2
What is the remainder when 40379855 is divided by 320475?
5
What is the remainder when 150755 is divided by 640?
355
Calculate the remainder when 1508023 is divided by 385.
363
Calculate the remainder when 106933 is divided by 563.
526
Calculate the remainder when 664036 is divided by 46.
26
Calculate the remainder when 1439584 is divided by 479832.
88
What is the remainder when 14780940 is divided by 84?
48
Calculate the remainder when 1369362 is divided by 50.
12
Calculate the remainder when 44640302 is divided by 3716.
3710
What is the remainder when 12142578 is divided by 809499?
93
What is the remainder when 2118759 is divided by 41540?
219
Calculate the remainder when 103327 is divided by 32646.
5389
Calculate the remainder when 668739 is divided by 432.
3
What is the remainder when 24675 is divided by 21007?
3668
Calculate the remainder when 52610922 is divided by 57248.
10
What is the remainder when 389857 is divided by 202?
199
What is the remainder when 154039317 is divided by 36?
33
What is the remainder when 596433 is divided by 295291?
5851
Calculate the remainder when 4215762 is divided by 2152.
2146
Calculate the remainder when 19146487 is divided by 110.
107
Calculate the remainder when 189471 is divided by 4956.
1143
Calculate the remainder when 48484173 is divided by 9696831.
18
Calculate the remainder when 1209609 is divided by 360.
9
Calculate the remainder when 494481 is divided by 985.
11
What is the remainder when 61816 is divided by 11?
7
Calculate the remainder when 4261186 is divided by 6239.
6188
What is the remainder when 3166400 is divided by 31?
29
Calculate the remainder when 8037502 is divided by 2020.
1942
Calculate the remainder when 27815 is divided by 6915.
155
What is the remainder when 2964859 is divided by 1537?
1523
What is the remainder when 7495668 is divided by 1229?
1226
Calculate the remainder when 661752971 is divided by 2494.
2493
What is the remainder when 262726 is divided by 1890?
16
Calculate the remainder when 867660 is divided by 747.
393
What is the remainder when 36983 is divided by 924?
23
What is the remainder when 106240182 is divided by 657?
654
What is the remainder when 516587 is divided by 19288?
15099
Calculate the remainder when 7416009 is divided by 1718.
1121
Calculate the remainder when 48285 is divided by 201.
45
Calculate the remainder when 1674435 is divided by 16744.
35
Calculate the remainder when 11880657 is divided by 33.
30
What is the remainder when 7090380 is divided by 845?
830
What is the remainder when 15048 is divid